ded by 180619?
190
What is the remainder when 36598 is divided by 35719?
879
What is the remainder when 7104739 is divided by 2368241?
16
What is the remainder when 543473 is divided by 180959?
596
Calculate the remainder when 544943 is divided by 380.
23
Calculate the remainder when 1417647 is divided by 708822.
3
Calculate the remainder when 415263 is divided by 3918.
3873
What is the remainder when 94474 is divided by 9432?
154
What is the remainder when 80486999 is divided by 1100?
1099
What is the remainder when 78140 is divided by 77924?
216
Calculate the remainder when 172713397 is divided by 29.
11
What is the remainder when 9721685 is divided by 36?
29
What is the remainder when 97886 is divided by 392?
278
Calculate the remainder when 36264843 is divided by 16.
11
What is the remainder when 68050942 is divided by 52?
50
What is the remainder when 300695 is divided by 91?
31
Calculate the remainder when 1073383 is divided by 8304.
2167
What is the remainder when 672465 is divided by 21006?
273
Calculate the remainder when 2115512 is divided by 6824.
72
Calculate the remainder when 204677 is divided by 2975.
2377
What is the remainder when 414233 is divided by 354?
53
Calculate the remainder when 160304797 is divided by 200.
197
Calculate the remainder when 143556902 is divided by 204497.
8
What is the remainder when 1224260 is divided by 64432?
52
Calculate the remainder when 51850 is divided by 3294.
2440
Calculate the remainder when 8675555 is divided by 51.
47
Calculate the remainder when 333825 is divided by 328.
249
Calculate the remainder when 3646370 is divided by 3021.
23
Calculate the remainder when 415466 is divided by 973.
968
Calculate the remainder when 373850 is divided by 811.
790
Calculate the remainder when 40649 is divided by 839.
377
Calculate the remainder when 4773978 is divided by 3486.
1644
What is the remainder when 11762075 is divided by 921?
905
Calculate the remainder when 543273 is divided by 75.
48
What is the remainder when 14162000 is divided by 7080909?
182
Calculate the remainder when 249207 is divided by 313.
59
Calculate the remainder when 21798405 is divided by 325.
5
Calculate the remainder when 45750 is divided by 421.
282
What is the remainder when 214692 is divided by 54?
42
Calculate the remainder when 209201 is divided by 291.
263
What is the remainder when 2213021 is divided by 2416?
2381
What is the remainder when 19329791 is divided by 34212?
11
Calculate the remainder when 1755508 is divided by 29754.
22
Calculate the remainder when 2479820 is divided by 471.
5
Calculate the remainder when 161670 is divided by 986.
952
Calculate the remainder when 2070933 is divided by 548.
41
Calculate the remainder when 121712353 is divided by 390.
373
Calculate the remainder when 102440288 is divided by 794.
790
Calculate the remainder when 11198545 is divided by 2239708.
5
What is the remainder when 1929202 is divided by 643054?
40
What is the remainder when 1928620 is divided by 549?
532
What is the remainder when 273419447 is divided by 236?
231
What is the remainder when 445100 is divided by 22?
18
What is the remainder when 4082968 is divided by 816581?
63
What is the remainder when 60392 is divided by 419?
56
Calculate the remainder when 2483615 is divided by 334.
325
Calculate the remainder when 172823 is divided by 189.
77
Calculate the remainder when 31439347 is divided by 469.
401
Calculate the remainder when 124215 is divided by 1491.
462
Calculate the remainder when 6361069 is divided by 181744.
29
What is the remainder when 823857 is divided by 78?
21
What is the remainder when 37218 is divided by 224?
34
Calculate the remainder when 12100373 is divided by 22.
21
Calculate the remainder when 558463 is divided by 4986.
31
Calculate the remainder when 102460297 is divided by 34153432.
1
Calculate the remainder when 905269 is divided by 4462.
3945
Calculate the remainder when 234973 is divided by 114.
19
What is the remainder when 31526 is divided by 15720?
86
Calculate the remainder when 951835 is divided by 49.
10
What is the remainder when 50655468 is divided by 349348?
8
Calculate the remainder when 510555005 is divided by 538.
537
Calculate the remainder when 22473 is divided by 624.
9
Calculate the remainder when 329683319 is divided by 467.
466
Calculate the remainder when 380976 is divided by 1964.
1924
What is the remainder when 99988 is divided by 5381?
3130
Calculate the remainder when 195175 is divided by 10256.
311
Calculate the remainder when 2144451 is divided by 536096.
67
Calculate the remainder when 9932951 is divided by 1986583.
36
Calculate the remainder when 273560 is divided by 5697.
104
What is the remainder when 636638 is divided by 999?
275
What is the remainder when 3356492 is divided by 3356474?
18
Calculate the remainder when 248865 is divided by 275.
265
Calculate the remainder when 22695149 is divided by 22695032.
117
Calculate the remainder when 23738454 is divided by 89.
18
Calculate the remainder when 32823 is divided by 1516.
987
What is the remainder when 50806910 is divided by 32?
30
What is the remainder when 111618 is divided by 134?
130
Calculate the remainder when 13904522 is divided by 4634819.
65
Calculate the remainder when 105800 is divided by 3651.
3572
Calculate the remainder when 103188273 is divided by 54.
51
Calculate the remainder when 17237348 is divided by 17.
11
Calculate the remainder when 16834991 is divided by 1907.
1902
What is the remainder when 41997 is divided by 15059?
11879
Calculate the remainder when 1060521 is divided by 530247.
27
What is the remainder when 197176 is divided by 65684?
124
What is the remainder when 1627887 is divided by 1389?
1368
Calculate the remainder when 492847 is divided by 7040.
47
Calculate the remainder when 79304 is divided by 25624.
2432
Calculate the remainder when 393090 is divided by 18709.
201
What is the remainder when 111684 is divided by 508?
432
Calculate the remainder when 207269380 is divided by 103634677.
26
What is the remainder when 1194790 is divided by 1998?
1984
What is the remainder when 257866462 is divided by 265?
262
Calculate the remainder when 60939243 is divided by 548.
547
Calculate the remainder when 127129596 is divided by 764.
760
Calculate the remainder when 8533679 is divided by 449138.
57
What is the remainder when 1676564 is divided by 14969?
36
What is the remainder when 3103417 is divided by 1034467?
16
Calculate the remainder when 6954809 is divided by 64.
57
What is the remainder when 261574 is divided by 26144?
134
What is the remainder when 10710248 is divided by 50?
48
What is the remainder when 252986110 is divided by 41?
38
Calculate the remainder when 895751 is divided by 108.
107
What is the remainder when 643430 is divided by 11?
7
Calculate the remainder when 506369 is divided by 5530.
3139
What is the remainder when 1148654 is divided by 574263?
128
Calculate the remainder when 48401 is divided by 23486.
1429
What is the remainder when 1164880 is divided by 5913?
19
Calculate the remainder when 204355304 is divided by 567.
566
What is the remainder when 449891899 is divided by 243?
241
What is the remainder when 23774655 is divided by 844?
19
What is the remainder when 55180311 is divided by 548?
547
What is the remainder when 38189562 is divided by 1417?
1412
Calculate the remainder when 88991429 is divided by 935.
934
Calculate the remainder when 745061 is divided by 2687.
762
What is the remainder when 12643498 is divided by 11?
10
Calculate the remainder when 36963797 is divided by 1756.
1753
Calculate the remainder when 15181 is divided by 6339.
2503
Calculate the remainder when 30294 is divided by 2523.
18
Calculate the remainder when 1731107 is divided by 6032.
5955
Calculate the remainder when 482933 is divided by 172.
129
What is the remainder when 8205842 is divided by 3132?
2
Calculate the remainder when 964422 is divided by 137770.
32
Calculate the remainder when 1790252 is divided by 98.
86
Calculate the remainder when 27771326 is divided by 416.
414
What is the remainder when 991963 is divided by 6277?
197
Calculate the remainder when 26931 is divided by 2063.
112
Calculate the remainder when 1177101 is divided by 842.
827
Calculate the r